be ((-160)/(-6))/(3*(-6)/r). Let b = -859 - m. Is b a composite number?
True
Let q(r) = -24*r - 70. Let m be q(-3). Suppose -5*z - 4*i = -595 - 6220, m*z - i - 2726 = 0. Is z composite?
True
Suppose 31*n - 426358 = -4*q + 34*n, 2*q - 4*n = 213174. Is q composite?
False
Let l = -101839 - -537246. Is l a prime number?
False
Let u = 45 + -35. Suppose 12*a + u = 17*a. Suppose a*d = 4*d - 1814. Is d a composite number?
False
Let h = -347 + 384. Let o(d) = 936*d - 251. Is o(h) a composite number?
False
Let i(c) = 5 + 293*c - 111*c - 97*c + 341*c. Suppose -3*a = 5 - 17. Is i(a) prime?
True
Let j(n) be the first derivative of 23*n**6/90 - n**5/60 + n**4/24 - 7*n**3/3 - 15. Let s(l) be the third derivative of j(l). Is s(4) a composite number?
True
Let w = -11 - -21. Let o be (18 + -22)*w/8. Let x(t) = 43*t**2 - 4*t - 8. Is x(o) a prime number?
True
Let m(s) = -s**3 + 29*s**2 - 29*s + 17. Let p be m(28). Let o(a) = -a**3 + 14*a**2 + 3*a - 71. Is o(p) composite?
True
Let l(z) = -19827*z - 4625. Is l(-8) a prime number?
True
Suppose 7*v - 19062 = -35*v + 90. Let q(d) = 41*d**3 - d + 1. Let a be q(-2). Let o = a + v. Is o composite?
False
Let z = -4638 + 20440. Is z a prime number?
False
Let w(a) = 2*a + 5. Let b be w(3). Suppose -1385 = 10*r - b*r. Let q = r - -2334. Is q composite?
False
Let k(r) = 58*r - 29. Let f be k(24). Let v = 6572 - f. Is v composite?
False
Suppose 0 = -7*k + 2686 + 1892. Let j = k - 447. Suppose -2*v - j = -n + 2*v, -5*v - 975 = -5*n. Is n a composite number?
False
Let i be (-33)/(-11) - (-12)/(1 - 5). Suppose 11*x + 7*x - 207342 = i. Is x a prime number?
True
Suppose 2*b - 617341 = 441*n - 438*n, 0 = b - n - 308668. Is b prime?
True
Suppose 11824*c + 119 - 105048 = 11823*c. Is c a composite number?
True
Let v = -163 - -167. Suppose -5*t - 9443 = -4*o, v*o - 4*t + t = 9445. Is o composite?
True
Suppose -164*i = -169*i + 120. Suppose -i*b + 2585 = -19*b. Is b prime?
False
Suppose 2*k = -4*h + 25862, k - 3 = -6. Is h prime?
False
Let x(p) = -p**2 + 9*p + 10. Let f(c) = c. Let j(q) = -2*f(q) - x(q). Let i be j(12). Is i/4 + (-11034)/(-36) prime?
True
Let v(h) = 57*h**2 + 4*h + 1. Let c be v(-1). Is (3/9 + 30573/c)*2 composite?
True
Suppose 6424 = -z - 0*z - 4*u, 25654 = -4*z - 2*u. Let a = -3141 - z. Is a prime?
True
Let v(a) = -a**3 + 52*a**2 + 57*a + 49. Is v(36) composite?
True
Suppose p - 3*n - 10 = -2*n, 0 = 4*p + 3*n - 19. Suppose -p*x - 4 = -9*x. Suppose -x*c - 2*c + 2540 = 0. Is c a composite number?
True
Let k = 60 + 702. Suppose -15*n + 13*n + k = 0. Is n prime?
False
Let s(c) = -211*c - 16. Let d(h) = -1. Let u(j) = -4*d(j) + s(j). Let k be (55/(-66))/((-1)/(-6)). Is u(k) a prime number?
False
Let g(x) = -x**3 - 7*x**2 + 16*x - 13. Let z be g(-9). Suppose 6*j = 4*i + j + 1182, 904 = -3*i - z*j. Let m = 783 + i. Is m composite?
True
Let k = 45 + -41. Suppose -5*c = 4*i - i - 10, 10 = 5*c - i. Suppose 2*v = -c*q - 3*q + 5161, 0 = -q - k*v + 1043. Is q composite?
False
Suppose 2*g = 5*a + 117277, 234614 = 4*g + 9*a - 7*a. Is g composite?
True
Let f be (-15*(-21)/35)/3. Suppose -10651 = -2*m + 3*r, -5*m + 19046 + 7604 = -f*r. Is m a prime number?
True
Let f = -9 + 34. Let i = 31 - f. Suppose -5*j = -i*j + 691. Is j a composite number?
False
Suppose 33*y = -130*y + 70255771. Is y a composite number?
False
Suppose 1326 = -84*r - 354. Let d be (-116010)/(-21) + (-4)/14. Is 4 - 5/(r/d) composite?
True
Suppose 2 = s - 19. Let u(q) = 21 - 19*q - s + 13. Is u(-4) prime?
True
Suppose z + 1092964 = 6*z + 148879. Is z composite?
True
Let s(c) = -c**3 + 2*c**2 - 9*c + 5. Let q be s(0). Suppose o - 39960 = -q*g, -2*o = -g - 4*o + 7983. Is g a composite number?
False
Suppose 160*w + 45 = 169*w. Is 11 + -4 - (-621 + w) composite?
True
Suppose q - 4 - 1 = 0, -5*g + 170 = -3*q. Suppose -53*p = 5*p - 8526. Suppose -g*h - p = -40*h. Is h a prime number?
False
Suppose v + 138180 = 7*v. Let h = -9531 + v. Is h prime?
True
Suppose 6 = y + 51. Let o be 27/y - ((-13614)/(-5))/2. Is (-2)/4*(4 + o) composite?
True
Let a(i) = -i**2 + 17*i - 16. Let o be a(16). Suppose 5*s - 5*t = -o*t - 10600, 5*s = 4*t - 10595. Let y = s + 3296. Is y a composite number?
False
Let n = -86 - -88. Suppose -9*s + 2*y + 10 = -5*s, n*y = 5*s - 10. Suppose 5*p + 3 - 673 = s. Is p prime?
False
Let a = 12629 - 8662. Is a composite?
False
Let m(l) = -6*l**3 + 5*l**2 + l - 7. Let s be m(-2). Suppose -s*h + 51*h = -48920. Is h composite?
True
Suppose 1663754 = 4*a - 2*x, -343*a + 339*a = 4*x - 1663784. Is a prime?
False
Is (-3)/(-2)*713420/30 composite?
False
Is (95891/(-2) - (-63 - -63))*-14 a composite number?
True
Let a(s) be the second derivative of 3*s**4/2 + 8*s**3/3 - 21*s**2/2 + 97*s. Is a(10) composite?
True
Is -6 - 72/(-11) - 7013895/(-165) composite?
False
Let k(o) = 3*o**2 + o**2 + 2*o**2 - 232*o**3 - 4*o**2 + o - 1. Let m be k(1). Let t = m + 435. Is t a prime number?
False
Suppose -90821 + 8201 = -5*v. Suppose -5*u + 3*n + v = -2*u, -5*u - 3*n + 27580 = 0. Is u composite?
True
Suppose -2150430 - 3432061 = -65*i + 2236554. Is i composite?
False
Is (1/4)/(13*(-11)/(-79645852)) prime?
True
Let r = -37 - -37. Suppose 4*c - 2*c + 8697 = 3*o, -5*o + 4*c + 14497 = r. Is o composite?
False
Let i(t) = 769872*t**2 - 33*t - 34. Is i(-1) a composite number?
False
Let f(r) = 16*r**2 + r**3 + 10*r - r**2 + 29 + 2*r. Let h be f(-13). Let s = 1082 - h. Is s prime?
False
Let k(h) = 662*h + 7. Let p(d) = d - 1. Let g(z) = -k(z) - 2*p(z). Let i(y) = y**2 + 6*y + 5. Let q be i(-2). Is g(q) a prime number?
True
Let a(s) = -3872*s**3 + 3*s**2 - 2*s + 14. Is a(-3) a composite number?
True
Let k be (-2019348)/28 + 1*(-24)/(-42). Is (k/(-369))/((-2)/(-18)) a prime number?
True
Let b(s) = -2*s**3 - s**2 - 27*s - 23. Let k(i) = i**3 + 14*i + 11. Let z(j) = 6*b(j) + 11*k(j). Let l be z(-5). Is (l/(-6))/(16/6096) composite?
False
Let v(f) = 66*f**2 - 43*f + 3. Let j be v(9). Is j/(-8)*(49 + -53) a prime number?
False
Suppose -2*b = -4*y + 4965 + 2951, b + 5938 = 3*y. Suppose 2697 + y = w. Suppose -w = -5*s + 3*h, s - 5*h - 941 = -3*h. Is s composite?
True
Let l(r) be the second derivative of 41*r**4/12 - 11*r**3/3 + 47*r**2/2 + r - 36. Is l(8) a prime number?
False
Suppose -3*i = -4*b + 15, -4*b - 4 = -5*b + i. Suppose 5*c - 38384 = -4*n, -c - 20455 = -b*n + 8352. Is n prime?
True
Suppose 3*n + 7*y - 6*y = 0, 2*n = -5*y + 13. Is (7 - n - -8158)*(-1)/(-6) composite?
False
Suppose q + i - 142838 = -3*i, q - 142843 = -3*i. Is q prime?
False
Suppose 3*w + 8705 + 27385 = 0. Is ((-30)/50)/(9/w) a composite number?
True
Suppose -2*v + 234 = 2*h, -15*v + 5*h = -16*v + 101. Let i = -65 + v. Suppose 5*o + i - 1011 = 0. Is o a composite number?
False
Let n(j) = 1047*j - 70. Let v be n(14). Let w(r) = 4*r**2. Let y be w(3). Suppose -y*i - v = -40*i. Is i prime?
False
Let c = -4 - -6. Let g(x) = -c - 170*x - 195*x + 10 - 292*x. Is g(-3) a composite number?
False
Let y(d) = -6*d**2 - 47*d + 13. Let a be y(-8). Is (a/(-35))/((-5)/27895) prime?
True
Let u = -363 - -364. Let v(r) be the second derivative of 102*r**4 + r**3/6 + r**2/2 - 2*r. Is v(u) a prime number?
False
Suppose -4*i - 4*u = -3668, 4*i + 5*u + 329 = 3997. Let z = -755 + 395. Let m = z + i. Is m a prime number?
True
Let n(o) = -o - 17. Let w be n(-22). Suppose 0 = -4*t + 4*v + 46624, -w*t + 58284 = -19*v + 18*v. Is t prime?
True
Let o = 45 - 59. Let l = o - -42. Suppose 4*a - 8 = 4*h, 5*a = -4*h - 0*h + l. Is h a composite number?
False
Let b(r) = r**3 + 5*r**2 + 4*r + 1. Let k be b(-4). Let u(f) be the third derivative of 683*f**4/24 - 2*f**3/3 + 73*f**2. Is u(k) a prime number?
False
Suppose -5*s = 5*k - 6850, 4*s + 2956 = 5*k + 8463. Let w = s - 604. Is w composite?
False
Is 62965 + (-6 + (-248)/(-24) - 4/12) composite?
False
Suppose 28*v + 26800 = 44*v. Let p = v + -888. Is p composite?
False
Let m(r) = -8 - 296*r - 796*r - 945*r + 498*r. Is m(-1) a composite number?
False
Suppose -833*o = -87*o - 48760798. Is o composite?
True
Let n(t) = -t**3 + 5*t**2 - 3*t - 6. Let q be n(3). Suppose -q*o + 8*o = 2390. Is o a prime number?
False
Let y = 73 - 73. Suppose 4*z = -y*c + 3*c + 48, -2*c = -2*z + 34. Is (18181 + 1)*c/(-40) a composite number?
False
Suppose -a + 6*a + j + 584 = 0, -5*a - 3*j - 592 = 0. Is (a/(-6))/((-74)/(-7881)) a composite